9 a prime number?
True
Is 729899 prime?
False
Is 4721 a composite number?
False
Is 90737 composite?
True
Is 80915 prime?
False
Is 2798 a prime number?
False
Is 121631 a composite number?
False
Is 48154 a prime number?
False
Is 7993 composite?
False
Is 1777 composite?
False
Is 35339 prime?
True
Is 316555 a composite number?
True
Is 293 a composite number?
False
Is 4259 composite?
False
Is 25689 a composite number?
True
Is 68717 prime?
False
Is 7817 a prime number?
True
Is 24763 composite?
False
Is 101267 a prime number?
True
Is 181537 prime?
True
Is 67391 composite?
False
Is 48658 a prime number?
False
Is 523255 a composite number?
True
Is 2374733 composite?
False
Is 4409 a prime number?
True
Is 10753 composite?
False
Is 129113 composite?
False
Is 260497 a prime number?
False
Is 39779 a composite number?
False
Is 23795 a composite number?
True
Is 1829 prime?
False
Is 12449 prime?
False
Is 184441 a composite number?
False
Is 640303 composite?
False
Is 865457 a composite number?
False
Is 4286845 a composite number?
True
Is 466 a composite number?
True
Is 6067 composite?
False
Is 356551 a prime number?
False
Is 48347 composite?
True
Is 12557 a composite number?
True
Is 61003 a prime number?
False
Is 1343399 a prime number?
False
Is 209431 a composite number?
False
Is 9371 a prime number?
True
Is 558197 a prime number?
True
Is 22721 composite?
False
Is 13613 prime?
True
Is 129227 a composite number?
True
Is 13391 a composite number?
True
Is 11579 composite?
False
Is 1259 prime?
True
Is 3317 prime?
False
Is 177509 a prime number?
False
Is 27769 composite?
True
Is 1811 prime?
True
Is 454297 a prime number?
True
Is 5809955 composite?
True
Is 103609 composite?
True
Is 3901 a composite number?
True
Is 10007 a prime number?
True
Is 4853 a prime number?
False
Is 574151 prime?
False
Is 212293 composite?
False
Is 10567 composite?
False
Is 293 a prime number?
True
Is 313267 a prime number?
True
Is 86414 a composite number?
True
Is 96353 composite?
False
Is 834131 prime?
True
Is 612791 a prime number?
True
Is 67447 a composite number?
False
Is 21661 composite?
False
Is 64279 composite?
False
Is 478727 composite?
False
Is 7979 a prime number?
False
Is 1319 a prime number?
True
Is 19373 prime?
True
Is 87551 prime?
False
Is 552611 prime?
True
Is 10193 a composite number?
False
Is 13259 composite?
False
Is 553 a prime number?
False
Is 49871 composite?
False
Is 39413 composite?
True
Is 8711 composite?
True
Is 442749 a prime number?
False
Is 118835 a prime number?
False
Is 2757 a composite number?
True
Is 16331 a prime number?
False
Is 519439 a prime number?
False
Is 6407 a prime number?
False
Is 14163 a prime number?
False
Is 1041 composite?
True
Is 3327 a composite number?
True
Is 103006 a composite number?
True
Is 1200565 a prime number?
False
Is 200801 a composite number?
True
Is 4803 prime?
False
Is 7151 composite?
False
Is 469919 a prime number?
True
Is 91673 a prime number?
True
Is 8561 a composite number?
True
Is 341 a composite number?
True
Is 2996419 a prime number?
True
Is 1955177 a prime number?
False
Is 3407 prime?
True
Is 6499 a composite number?
True
Is 78691 a composite number?
False
Is 38821 a composite number?
False
Is 76421 prime?
True
Is 152879 a prime number?
True
Is 28591 prime?
True
Is 964253 prime?
True
Is 82519 composite?
True
Is 14779 composite?
False
Is 35503 composite?
True
Is 92159 composite?
True
Is 152777 prime?
True
Is 321989 prime?
False
Is 225421 a composite number?
True
Is 684869 a prime number?
True
Is 174481 composite?
False
Is 2333 a prime number?
True
Is 3071 a prime number?
False
Is 22955 a composite number?
True
Is 20407 composite?
False
Is 10823 a prime number?
False
Is 149306 a composite number?
True
Is 719351 a composite number?
False
Is 5314 a composite number?
True
Is 229289 a prime number?
False
Is 3079 composite?
False
Is 473 a composite number?
True
Is 9091 prime?
True
Is 8501 a prime number?
True
Is 4699 prime?
False
Is 221261 composite?
False
Is 604489 prime?
False
Is 2785 composite?
True
Is 2819 a composite number?
False
Is 1638073 a prime number?
False
Is 6931 prime?
False
Is 4678937 prime?
True
Is 23755 composite?
True
Is 11273 prime?
True
Is 292681 a prime number?
False
Is 9235 a composite number?
True
Is 3403 composite?
True
Is 143285 prime?
False
Is 16811 a composite number?
False
Is 1052141 a prime number?
True
Is 31399 a composite number?
True
Is 5461 a composite number?
True
Is 128471 a prime number?
False
Is 25007 composite?
True
Is 34793 a composite number?
True
Is 65167 a prime number?
True
Is 42241 a composite number?
True
Is 119129 prime?
True
Is 435343 prime?
True
Is 1030291 prime?
True
Is 8353 prime?
True
Is 4963 a prime number?
False
Is 8419 a prime number?
True
Is 365527 prime?
True
Is 35873 prime?
False
Is 68421 composite?
True
Is 2843 a prime number?
True
Is 62941 composite?
True
Is 75039 prime?
False
Is 159 a prime number?
False
Is 31247 a prime number?
True
Is 326083 a prime number?
True
Is 8753 a prime number?
True
Is 1981 a composite number?
True
Is 52433 composite?
False
Is 4327 prime?
True
Is 117751 composite?
False
Is 18467 prime?
False
Is 112609 composite?
True
Is 39089 prime?
True
Is 101141 a prime number?
True
Is 4853 prime?
False
Is 217849 prime?
True
Is 1235281 prime?
True
Is 17657 prime?
True
Is 285127 composite?
True
Is 58451 a prime number?
True
Is 173651 composite?
False
Is 3379 composite?
True
Is 53213 composite?
True
Is 4421 prime?
True
Is 50221 composite?
False
Is 66419 composite?
True
Is 19853 composite?
False
Is 66883 a prime number?
True
Is 120751 a prime number?
False
Is 2370727 a prime number?
False
Is 61987 prime?
True
Is 30947 prime?
False
Is 152807 a prime number?
False
Is 76559 prime?
False
Is 21581 prime?
False
Is 48061 a prime number?
False
Is 8039 composite?
False
Is 4746983 prime?
True
Is 67 composite?
False
Is 407 a prime number?
False
Is 7901 a composite number?
False
Is 14251 a prime number?
True
Is 115417 prime?
False
Is 17999 composite?
True
Is 5539 a composite number?
True
Is 95063 composite?
False
Is 52553 a composite number?
False
Is 2099 a composite number?
False
Is 4004161 a prime number?
False
Is 16057 a prime number?
True
Is 1422346 a prime number?
False
Is 7631 a composite number?
True
Is 61781 prime?
True
Is 2333 a prime number?
True
Is 13751 a composite number?
False
Is 247523 a composite number?
True
Is 19883 a prime number?
False
Is 3635 composite?
True
Is 187337 a prime number?
True
Is 1637873 composite?
True
Is 10321 prime?
True
Is 6583 prime?
False
Is 88897 a composite number?
False
Is 6899 a prime number?
True
Is 8267 a prime number?
False
Is 2371 a composite number?
False
Is 338669 prime?
True
Is 8940973 a composite number?
False
Is 449129 a composite number?
False
Is 78119 a prime number?
False
Is 14453 a prime number?
False
Is 83 prime?
True
Is 52147 prime?
True
Is 264007 prime?
True
Is 19379 prime?
True
Is 215223 a prime number?
False
Is 758197 a composite number?
True
Is 81331 composite?
False
Is 53951 prime?
True
Is 298813 a prime number?
False
Is 37483 a composite number?
False
Is 31063 a composite number?
False
Is 41857 composite?
True
Is 172507 a prime number?
True
Is 1021277 composite?
True
Is 126169 composite?
True
Is 12647 prime?
True
Is 77683 prime?
False
Is 6283 prime?
False
Is 71561 a composite number?
True
Is 1036599 a prime number?
False
Is 12929 composite?
True
Is 38039 prime?
True
Is 219839 prime?
True
Is 388459 composite?
False
Is 970627 prime?
False
Is 52553 a prime number?
True
Is 6679 a prime number?
True
Is 27955 a composite number?
True
Is 188753 composite?
False
Is 113357 prime?
True
Is 73673 composite?
False
Is 7841 prime?
True
Is 20279 a prime number?
False
Is 81071 prime?
True
Is 3935 composite?
True
Is 105447 a prime number?
False
Is 144829 prime?
True
Is 15959 a prime number?
True
Is 12653 a composite number?
False
Is 2671 a composite number?
False
Is 808517 a composite number?
False
Is 1931 a composite number?
False
Is 14897 composite?
False
Is 183437 a composite number?
False
Is 136897 prime?
True
Is 4561 a prime number?
True
Is 53069 composite?
False
Is 7121 a composite number?
False
Is 307511 a prime number?
True
Is 4487 a prime number?
False
Is 400651 a composite number?
False
Is 18283 prime?
False
Is 7